21
Suppose -16*c + 22767 = -46113. What is the highest common divisor of c and 82?
41
Let l(a) = 0*a**2 + 5*a**2 - 2*a - 9*a**2 + 7*a**2 + 5*a**3 + 6. Let j be l(3). Calculate the greatest common factor of 90 and j.
18
Suppose 3*w - 531 = 26*t - 27*t, 5*w - 521 = -t. Calculate the greatest common factor of 77 and t.
7
Suppose -5 = -2*n + n. Let d be (-1292)/(-272) + 2/8. Suppose -n*a + 60 = -d*s, 2*a + 5*s + 0 = 10. What is the highest common divisor of 2 and a?
2
Let x(y) = -28*y**3 + y**2 + y. Let i be x(-1). Let g be (-42)/((11 - 30) + 22 + (-14)/4). Calculate the highest common divisor of i and g.
28
Let n be 112/14 - 1820/(-6 + 4). Calculate the highest common divisor of 714 and n.
102
Let u = 4860 + -4155. Calculate the greatest common divisor of u and 423.
141
Suppose -197 = -2*g + 5*z, -23*g - 5*z = -18*g - 510. Calculate the greatest common factor of g and 5.
1
Let n = 280 - 175. Suppose s = -4*s - 10, 4*s + 100 = -b. Let g = -77 - b. Calculate the greatest common factor of g and n.
15
Let w = -86 + 77. Let z be (w - -7)/(9/(12276/(-8))). Calculate the highest common factor of z and 22.
11
Let q be ((-39)/(-15) + -3)*25/(-2). Suppose -q*r - 4*t = -1654, 12*r + 5*t = 7*r + 1655. Calculate the highest common factor of r and 30.
30
Let x(l) = l**2 + 1896*l + l**2 + 71 - 1953*l. Let f be x(28). What is the greatest common factor of f and 301?
43
Let v = 8 + -3. Suppose 3*u - d = 10 - 5, -5*d + 9 = 2*u. Suppose -2*a = -p + 1, -p + 19 = 2*p + u*a. Calculate the highest common factor of p and v.
5
Let d be (-1343)/459 + (-4)/54. Let n be 37/(-5 + 9 + d). Calculate the greatest common divisor of 259 and n.
37
Let r(a) = 13*a**2 - 60*a + 110. Let i be r(2). Calculate the greatest common factor of i and 10206.
42
Suppose -5*j = -25, 4*b - 4305 + 4256 = -j. Let s = 127 - 269. Let a = s + 263. Calculate the highest common factor of b and a.
11
Let d be 1*(-56)/8 - -501. Let a be ((-208)/(-20))/(16/(-10) + 2). What is the highest common divisor of d and a?
26
Let j be (-3)/(2*2/(-24)). Let z = -16125 - -16251. Calculate the highest common divisor of z and j.
18
Suppose -146742 = -227*a + 221*a. Calculate the highest common divisor of 37 and a.
37
Suppose 124*f + 138*f = 284*f - 85140. What is the highest common factor of f and 90?
90
Suppose 2*z - 34 = -w - 2, 0 = 2*z + 10. Suppose 2*k = -0*k - 3*m + 285, m = -2*k + 283. Let l = -78 + k. Calculate the highest common divisor of w and l.
21
Let p be (-3435)/(-18) + 22/132. What is the greatest common divisor of 35717 and p?
191
Let v(s) = -s**3 - 25*s**2 - 105*s - 4283. Let p be v(-27). Calculate the highest common divisor of 8090 and p.
10
Let l be (-1766649)/(-1897) + 4/(-14). What is the greatest common divisor of l and 735?
49
Let w be (-1 - -66) + 0 + -2. Let o(l) = 72*l**2 + 2*l + 2. Let m be o(1). Let s = m - w. Calculate the highest common factor of s and 91.
13
Suppose -4*q + 28 = -3*q - d, 4*d + 25 = q. Suppose -50 = -7*s - q. Suppose s*f + 9 = j - 5, j + 2*f - 24 = 0. Calculate the highest common divisor of j and 40.
20
Let b be (-82250)/(-1081) + (-2)/23. Let l(t) = 6*t + 57. Let n be l(19). What is the greatest common divisor of n and b?
19
Let q be (-3)/6 + 0 + (-99)/(-6). Suppose 5*o = -q - 14. Let c(a) = a**2 - 2*a - 14. Let d be c(o). Calculate the highest common factor of 17 and d.
17
Suppose -39 = 5*w - 14, 4*w = u - 55. Let z = u - 32. Suppose 4*m - 35 = -0*j - 5*j, -3*m = -z*j - 60. What is the highest common divisor of 165 and m?
15
Suppose -3*p + 213 = 225*n - 222*n, -2*n + 5*p + 79 = 0. Let v be 374 + 1*-2*1. Calculate the greatest common divisor of v and n.
62
Let z be (-1)/3 + (-680)/(-51). Let u be 4/(-6)*9/(-6)*2. Suppose 7*d - u*d - 455 = 0. Calculate the greatest common factor of z and d.
13
Let o(f) = 29*f + 1. Let l be o(1). Let c = 11 - 9. Let d be 316/7 - c/14. Calculate the greatest common factor of l and d.
15
Let d(l) = l**2 - 4*l - 6. Let u be d(6). Let h(j) = u*j - j - 12*j - 5. Let a be h(-4). What is the greatest common divisor of 69 and a?
23
Suppose -64*v + 15035 - 3259 = 0. Calculate the greatest common factor of v and 46.
46
Let c be (-17)/102 - (-3 + 25/(-6)). What is the highest common divisor of c and 217?
7
Let p(z) = 12*z. Let b be p(-2). Let x = 214 - 138. Let c = x + b. What is the greatest common divisor of 13 and c?
13
Let v be 6*(-6)/12 + 5. Let g be (16/56)/v - (-418)/14. What is the greatest common factor of 105 and g?
15
Let v be 48 - (-9)/(-3) - (8 + -5). Calculate the greatest common divisor of 672 and v.
42
Let d = -444 - -477. Suppose 7*s - s = -1788. Let v be 5/(-1) - -4 - s. What is the highest common factor of d and v?
33
Let p be (11 - (24 - 12)) + (-7)/(-1). Calculate the greatest common factor of p and 19014.
6
Let q(i) = 5 + 6 + i**3 - 5*i**2 + 1 - 3*i. Let o(y) = -7*y**3 - 4*y**2 - y + 2. Let x be o(-1). Let b be q(x). What is the greatest common divisor of b and 20?
10
Let c = 18348 + -18331. What is the highest common divisor of 13957 and c?
17
Suppose -59*p - 62230 = -304*p. Calculate the greatest common divisor of p and 10668.
254
Suppose -3*h + 1364 + 1444 = 0. Suppose 11*m = -342 + h. What is the highest common factor of m and 6?
6
Let u(w) = 9*w**2 - 39*w + 283. Let r be u(12). Calculate the greatest common factor of 77 and r.
11
Let g(m) = -2*m**3 + 2*m**2 + m + 1. Let a be g(2). Suppose -2*v + 66 = -4*v. Let j be v/9*(a - 13). What is the greatest common divisor of 99 and j?
33
Suppose 5*r - 3*l = 18, -3*r + 3*l + 8 + 4 = 0. Suppose -t = r - 12. Suppose 10 = 3*k - 8. Calculate the highest common factor of t and k.
3
Suppose -5*t - 2*s - 2772 = -9*t, -t - 5*s = -715. Calculate the highest common factor of 5 and t.
5
Suppose 15807 = -17*s + 6*s. Let v be s/(-5) - 10/25. What is the greatest common divisor of 7 and v?
7
Suppose -5*l - 197 = -3*q + 6*q, -l = 2*q + 38. Let j be (19 - -1)*(-100)/l. Suppose -4*m = m - j. What is the highest common factor of m and 80?
10
Let s(a) = 623*a**2 + 13*a - 57. Let o be s(3). Calculate the greatest common factor of 23 and o.
23
Suppose -3*p - 74*u + 139 = -79*u, -245 = -5*p - 5*u. Calculate the highest common factor of 1360 and p.
16
Let u(c) = 3*c - c**3 + 2 + 4*c**2 + 3 + 14*c - 5*c. Let n be u(6). Suppose w = -4*w + 25, 5*a = -n*w + 115. What is the greatest common factor of 90 and a?
18
Suppose 2*j - 1467 = -3*v, 20*j - 2944 = 16*j - 4*v. What is the highest common divisor of 312 and j?
39
Let j(t) = 13*t**3 - 30*t**2 - 5*t + 6. Let d be j(3). Calculate the greatest common factor of d and 600.
24
Let h = -14 - -51. Let p be 3/8 - ((-496 - -90) + 10/(-16)). What is the greatest common divisor of p and h?
37
Let u = -924 - -936. Calculate the greatest common factor of u and 9444.
12
Let y(v) = 3*v**2 - 13*v + 60. Let o be y(6). Suppose 8*g = 18*g - o. Calculate the greatest common divisor of 63 and g.
9
Let r be (0 - 5) + 5 + -4 + (-8 - -104). What is the greatest common divisor of r and 391?
23
Let l be (-2)/5 + 227/5. Let f be (-1*(71 + 11))/((-2)/(-14)). Let g = f + 589. Calculate the highest common divisor of l and g.
15
Let x(v) = 84*v + 18. Let b(y) = -5*y - 1. Let c(p) = -102*b(p) - 6*x(p). Let s = 43 + -24. Let d be c(s). What is the greatest common divisor of 12 and d?
12
Let j = -6921 + 7604. Calculate the highest common divisor of j and 3.
1
Let d(z) = 2633*z - 330. Let k be d(1). What is the highest common factor of k and 188?
47
Let s(n) = n**3 + 14*n**2 - 8*n - 46. Let k be s(-12). Calculate the highest common factor of 130 and k.
26
Let s(k) = 588*k - 1116. Let v be s(3). What is the greatest common factor of 2754 and v?
162
Let z(w) = -w + 52. Let u be z(8). Let h = -66 + 132. Calculate the highest common divisor of h and u.
22
Let a(r) = -r**3 - 20*r**2 + 73*r + 8. Let l be -1 + -1 + (-13 - 9). Let u be a(l). What is the highest common factor of 35 and u?
35
Let l be 76/95 + (18/(-10) - -2). Let m be (2 + 0)/(l/48*8). Calculate the highest common divisor of m and 6.
6
Let o = -61051 + 88832. Calculate the highest common divisor of o and 13.
13
Let p(h) = h**3 + 40*h**2 + 12*h - 1043. Let f be p(-39). Calculate the highest common factor of 46340 and f.
10
Suppose -5*n = -9*n + 48. Let j be 3*(-2)/n*0. Suppose j*s = 11*s - 550. Calculate the highest common factor of